 = 54*w**2 - 162*w - 4. Give l(3).
-4
Let y(a) = 2*a**3 + 2*a**2 - 3*a - 4. What is y(-2)?
-6
Let c(s) = -11*s**2 - 2*s + 3. Calculate c(-3).
-90
Let t(d) = 2*d + 6. What is t(-5)?
-4
Let z(j) = -43*j**2 - 390*j - 31. Calculate z(-9).
-4
Let i(h) = -h**2 - 12*h + 10. Give i(-13).
-3
Let y(n) = -4*n - 91. Calculate y(-23).
1
Let g(w) = 13*w**2 + 2*w - 4. Give g(-2).
44
Let v(m) = 9*m**2 - 2*m - 1. Calculate v(-1).
10
Let q(v) = v**3 - 6*v**2 + 5*v - 6. Give q(5).
-6
Let s(m) = m**2 - 12*m - 20. Determine s(14).
8
Let c(q) = 24*q + 124. Determine c(-5).
4
Let r(f) = 6*f - 60. What is r(11)?
6
Let s(a) = -a**3 - 7*a**2 - 8. Determine s(-6).
-44
Let x(q) = -3*q**2 + 11*q + 6. Give x(5).
-14
Let s(o) = -8*o - 376. Determine s(-48).
8
Let o(i) = 17*i - 59. What is o(4)?
9
Let l(r) = r**3 + 9*r**2 - 10*r + 11. Determine l(-10).
11
Let l(b) = b**2 - 6*b + 6. Calculate l(5).
1
Let x(l) = 10*l**2 - 3*l - 2. Determine x(3).
79
Let n(d) = d**3 + 30*d**2 - 35*d - 21. What is n(-31)?
103
Let j(b) = -b**2 + 6*b + 11. Determine j(8).
-5
Let v(z) = -7*z + 129. Calculate v(19).
-4
Let d(h) = -h**3 + 10*h**2 - 25*h + 8. Give d(6).
2
Let m(d) = d**2 + 4*d + 2. What is m(4)?
34
Let h(l) = -l**2 - 8*l - 1. Determine h(-8).
-1
Let p(w) = -2*w**2 - 7*w + 28. Give p(4).
-32
Let m(k) = k**3 + 11*k**2 + 5*k + 5. Determine m(-10).
55
Let g(r) = 4*r - 7. Calculate g(13).
45
Let d(q) = -q**3 - 4*q**2 + 7*q + 2. Determine d(-5).
-8
Let n(q) = -q**3 + 5*q**2 - 2. Give n(5).
-2
Let y(v) = 7*v + 6. Calculate y(5).
41
Let j(i) = -44*i + 1. What is j(1)?
-43
Let a(b) = b**2 + 8*b - 3. Determine a(-8).
-3
Let x(w) = 3*w**2 - 140*w - 44. What is x(47)?
3
Let b(t) = 3*t**2 + 1. Give b(-2).
13
Let m(t) = -t**3 + 6*t**2 - 5*t + 4. Give m(4).
16
Let w(q) = 8*q**2 + 2*q + 1. What is w(-3)?
67
Let o(l) = 4*l**2 - 20*l + 3. Calculate o(5).
3
Let j(a) = 3*a - 25. Calculate j(11).
8
Let u(g) = -7*g + 52. Give u(6).
10
Let b(r) = 36*r**2 - 6*r + 3. Determine b(1).
33
Let i(y) = -y**3 - 11*y**2 - 7*y + 25. Give i(-10).
-5
Let p(h) = h**2 + 12*h - 8. Determine p(-9).
-35
Let s(p) = -p + 10. Give s(8).
2
Let t(f) = 2*f**2 - 41*f - 69. What is t(22)?
-3
Let y(c) = c + 1. What is y(2)?
3
Let i(o) = o**2 + 3*o + 30. Determine i(-11).
118
Let y(r) = -r**2 - 3*r - 5. Calculate y(-3).
-5
Let q(g) = -g + 3. Give q(-5).
8
Let z(j) = -j**3 + 26*j**2 + 24*j + 88. Calculate z(27).
7
Let q(d) = -2*d**2 - 24*d - 11. What is q(-11)?
11
Let i(c) = -c**2 + 30*c - 94. Calculate i(5).
31
Let i(r) = 3*r**2 - 2*r - 12. Determine i(-3).
21
Let p(a) = a**3 + 33*a**2 + 34*a + 55. What is p(-32)?
-9
Let b(t) = t**2 + 5*t + 7. Give b(-2).
1
Let u(n) = 7*n + 1. What is u(-2)?
-13
Let u(b) = -b - 10. Give u(-11).
1
Let b(q) = 17*q + 115. Calculate b(-8).
-21
Let c(j) = -3*j - 5. Determine c(-7).
16
Let f(h) = -12*h - 24. What is f(-3)?
12
Let k(a) = a**3 + 21*a**2 - 26*a - 72. What is k(-22)?
16
Let a(n) = -n**2 - 6*n + 2. Determine a(4).
-38
Let t(n) = 20*n + 124. Calculate t(-6).
4
Let s(z) = -11*z**2 + 5*z - 10. What is s(4)?
-166
Let s(l) = -8*l + 71. Calculate s(9).
-1
Let j(s) = -s**3 + 8*s**2 - 3*s - 25. Calculate j(7).
3
Let w(a) = -a - 7. Determine w(-8).
1
Let h(d) = -5*d + 9. Give h(5).
-16
Let g(q) = q**2 + 18*q - 31. What is g(-21)?
32
Let q(l) = 2*l + 52. Give q(0).
52
Let h(c) = c**3 + 4*c**2 + 6*c + 2. Determine h(-2).
-2
Let j(m) = 5*m**3 + 3*m**2 + 3*m + 3. Calculate j(-1).
-2
Let y(f) = f**2 + 10*f - 1. Give y(-4).
-25
Let w(p) = p**3 - 2*p**2 - 4*p - 3. Determine w(-2).
-11
Let h(k) = 6*k**2 - 5*k - 13. Determine h(-4).
103
Let f(w) = -w**2 + 10*w - 9. Give f(7).
12
Let x(o) = -2*o**3 + 30*o**2 + 39*o - 106. Give x(16).
6
Let d(t) = -2*t**2 + 38*t - 12. Give d(18).
24
Let x(z) = 2*z**3 + 2*z**2 - 10*z + 22. Calculate x(4).
142
Let l(j) = -25*j - 123. Give l(-5).
2
Let c(q) = 5*q - 2. What is c(1)?
3
Let s(g) = -g**3 - 2*g**2 - 7*g - 4. Calculate s(-3).
26
Let f(c) = c**3 - 34*c**2 - 6*c + 213. What is f(34)?
9
Let y(n) = -11*n + 67. Calculate y(6).
1
Let v(m) = -31*m + 10. Calculate v(-2).
72
Let r(v) = v**3 - 3*v**2 + 2*v + 6. Determine r(5).
66
Let f(i) = -5*i + 83. Determine f(26).
-47
Let p(z) = z**2 + 7*z - 10. Determine p(-8).
-2
Let a(v) = -3*v**3 + v**2 + 4*v + 3. Give a(-1).
3
Let f(u) = u + 7. Give f(-4).
3
Let h(v) = v**2 + 7*v - 23. What is h(-8)?
-15
Let i(s) = 2*s**3 + s**2 + 4*s. Give i(-3).
-57
Let f(i) = 8*i**3 + 2*i**2 + 2. What is f(-1)?
-4
Let g(l) = 5*l**2 - 6*l + 6. Give g(4).
62
Let w(p) = p**3 - 4*p**2 + 5*p - 4. Calculate w(3).
2
Let b(y) = -y**3 - 5*y - 3. Determine b(-3).
39
Let z(m) = 2*m**2 + 22*m + 36. Determine z(-8).
-12
Let h(l) = -l**3 + 5*l**2 - 11*l + 7. Calculate h(3).
-8
Let o(v) = -v - 1. Determine o(-7).
6
Let s(n) = n**2 + n - 3. Determine s(-3).
3
Let w(f) = -f + 2. What is w(0)?
2
Let d(x) = -x**2 - 12*x - 4. Give d(-13).
-17
Let d(i) = -2*i + 14. Determine d(10).
-6
Let k(u) = -u - 23. Calculate k(0).
-23
Let m(w) = -7*w**2 - 58*w - 16. Determine m(-8).
0
Let m(x) = -x**2 - 3*x + 6. Determine m(-5).
-4
Let o(l) = -l**3 - l**2 + l + 3. What is o(0)?
3
Let t(x) = -13*x + 323. What is t(25)?
-2
Let l(h) = -h**2 + 11*h - 19. Calculate l(8).
5
Let a(j) = -j**2 - 2*j + 21. Calculate a(-7).
-14
Let l(s) = s**2 - 20*s - 65. Give l(22).
-21
Let v(n) = -n**2 + 2*n + 40. Calculate v(7).
5
Let g(r) = 6*r**2 - 3*r - 5. Calculate g(-1).
4
Let a(x) = -x**3 + 2*x**2 - 12*x + 42. Give a(3).
-3
Let u(o) = -o**2 + 40*o + 1719. Give u(-26).
3
Let b(h) = h**3 + 6*h**2 - 9*h - 8. What is b(-7)?
6
Let x(i) = -3*i + 39. Give x(23).
-30
Let p(w) = 14*w**2 - 88*w + 28. Calculate p(6).
4
Let a(g) = -g**3 - 8*g**2 - 8*g + 15. Give a(-5).
-20
Let q(n) = -9*n - 174. What is q(-19)?
-3
Let y(q) = q**3 - q**2 + 7. Give y(3).
25
Let j(s) = -4*s + 9. Determine j(11).
-35
Let o(x) = -x + 7. What is o(-16)?
23
Let q(u) = -33*u - 90. What is q(-3)?
9
Let h(t) = 4*t - 24. Determine h(4).
-8
Let a(q) = q**2 + 5*q - 119. What is a(-14)?
7
Let o(f) = -3*f - 1. Calculate o(-10).
29
Let o(t) = -9*t**2 - 317*t - 69. Calculate o(-35).
1
Let o(m) = -m**3 + 36*m**2 + 41*m - 41. Give o(37).
107
Let u(z) = -2*z + 63. What is u(31)?
1
Let d(u) = -u**3 + 21*u**2 - 8*u + 167. What is d(21)?
-1
Let d(s) = s**3 - 2*s**2 - 6*s - 4. Give d(4).
4
Let n(c) = -c - 6. Calculate n(0).
-6
Let k(g) = -12*g - 195. Determine k(-18).
21
Let x(u) = -u**2 + 9*u + 20. What is x(11)?
-2
Let c(m) = -m**2 + 2*m + 43. What is c(-6)?
-5
Let d(j) = j**3 - j**2 - 7*j + 6. What is d(4)?
26
Let h(a) = 2*a**2 + 20*a. Calculate h(-10).
0
Let w(s) = -s**2 + 11*s + 184. Give w(20).
4
Let k(h) = 8*h + 11. What is k(-2)?
-5
Let a(u) = -u**3 + 7*u**2 - 11*u + 53. What is a(6)?
23
Let p(k) = 3*k**2 + 40*k + 13. What is p(-13)?
0
Let j(l) = l + 1. What is j(-8)?
-7
Let o(i) = -i**3 + 19*i**2 - 17*i - 17. Calculate o(18).
1
Let l(w) = 9*w - 124. What is l(13)?
-7
Let w(j) = j**2 + 4*j + 8. Give w(0).
8
Let k(d) = -d**3 + 2*d**2 + 4*d + 5. Determine k(0).
5
Let f(r) = 109*r + 213. Calculate f(-2).
-5
Let t(k) = -k**3 + k**2 + 2*k - 5. What is t(2)?
-5
Let x(v) = v**3 + 43*v**2 + v + 49. What is x(-43)?
6
Let x(p) = -p**3 - 69*p**2 + 145*p + 207. Determine x(-71).
-6
Let y(q) = -q**3 - 12*q**2 + 29*q + 13. Give y(-14).
-1
Let g(l) = 10*l - 54. Give g(5).
-4
Let o(y) = -20*y + 93. Give o(5).
-7
Let f(c) = -c**3 - 18*c**2 - 3. Calculate f(-18).
-3
Let y(n) = n**3 + 10*n**2 - 15*n - 21. What is y(-11)?
23
Let g(q) = q**3 + q**2 - 5*q + 2. Give g(-4).
-26
Let z(x) = 2*x - 28. Calculate z(-9).
-46
Let x(z) = 5*z**2 - 62*z + 21. Calculate x(12).
-3
Let h(y) = -y**3 + 2*y - 2. Determine h(2).
-6
Let n(j) = -j**3 + 7*j**2 - 6*j + 3. Calculate n(6).
3
Let q(n) = -n**2 - 7*n - 11. Give q(-6).
-5
Let c(u) = -4*u**3 - 2*u + 7. Give c(3).
-107
Let o(u) = u**3 + 11*u**2 - 12*u - 3. Give o(-12).
-3
Let v(a) = -25*a**3 + a**2 - 11*a + 17. Give v(2).
-201
Let v(j) = -j - 79. Calculate v(-18).
-61
Let q(x) = 4*x**2 - 2*x - 1. Calculate q(-1).
5
Let s(g) = g**2 - 6*g + 2. Calculate s(6).
2
Let i(z) = -3*z + 3. Calculate i(13).
-36
Let r(s) = -62*s - 622. Calculate r(-10).
-2
Let a(x) = x**2 - 12*x + 20. Give a(17).
105
Let d(r) = r**3 + 40*r**2 + 39*r + 5. Determine d(-39).
5
Let q(h) = h**3 + 26*h**2 + 21*h - 89. Determine q(-25).
11
Let r(d) = 53*d**3 - 2*d